s the highest common divisor of 10766625 and 2625?
375
Calculate the greatest common factor of 7920 and 3841860.
660
Calculate the greatest common factor of 84234304 and 462.
154
What is the greatest common factor of 5201 and 17999918?
743
What is the highest common divisor of 31115760 and 48?
48
What is the highest common factor of 152569578 and 42?
42
Calculate the highest common divisor of 674806 and 4059.
11
Calculate the greatest common factor of 1022 and 10476.
2
What is the greatest common divisor of 375 and 63598125?
375
What is the greatest common divisor of 2871 and 944037?
261
Calculate the highest common divisor of 4015056 and 41008.
3728
What is the greatest common factor of 3158652 and 744?
372
Calculate the highest common factor of 3281310 and 31752.
162
Calculate the highest common factor of 70623368 and 8.
8
What is the highest common factor of 21535072 and 1312?
32
What is the greatest common factor of 244739 and 7524?
209
What is the highest common divisor of 1470388 and 172?
4
What is the greatest common factor of 3564646 and 796862?
2498
What is the highest common divisor of 947969568 and 336?
336
Calculate the highest common divisor of 180414642 and 306.
102
Calculate the highest common factor of 217571080 and 180.
20
What is the greatest common divisor of 3269194 and 4?
2
Calculate the greatest common divisor of 50611 and 1657216.
1177
Calculate the highest common divisor of 9 and 92569.
1
What is the highest common divisor of 3568578 and 78?
78
Calculate the highest common divisor of 7085 and 72605.
65
Calculate the greatest common factor of 1790 and 5420.
10
Calculate the greatest common divisor of 449856 and 4383.
9
Calculate the greatest common divisor of 5106 and 284826.
222
What is the highest common factor of 1232 and 516192908?
308
Calculate the greatest common divisor of 3342 and 1866.
6
What is the greatest common factor of 3 and 296201?
1
What is the greatest common factor of 24612470 and 65?
5
What is the highest common factor of 14820 and 50991668?
988
What is the highest common factor of 6898881 and 53086?
209
What is the greatest common divisor of 448096064 and 442?
442
What is the greatest common divisor of 7288048 and 80?
16
What is the highest common factor of 909 and 133626333?
303
What is the greatest common divisor of 784 and 477799?
49
Calculate the highest common factor of 2234763 and 810.
27
Calculate the highest common divisor of 3131155 and 16027.
31
Calculate the greatest common factor of 2755782 and 8802.
54
Calculate the greatest common factor of 1456 and 21736468.
52
Calculate the greatest common factor of 2112 and 53477952.
2112
What is the highest common divisor of 1722 and 166542?
246
Calculate the highest common divisor of 15280 and 12080.
80
Calculate the highest common divisor of 808748 and 8.
4
What is the greatest common factor of 287212890 and 30?
30
Calculate the greatest common divisor of 190316 and 271516.
28
Calculate the greatest common factor of 108178 and 13342.
14
Calculate the highest common divisor of 578443 and 22305.
1487
Calculate the highest common divisor of 900950 and 720.
10
Calculate the greatest common divisor of 11 and 18901927.
11
What is the greatest common factor of 1274 and 5698082?
26
What is the highest common factor of 2445737 and 4433821?
4921
Calculate the highest common factor of 1680 and 364812840.
840
What is the highest common factor of 690 and 134430?
30
Calculate the greatest common divisor of 226 and 43655855.
113
Calculate the greatest common divisor of 20137068 and 6027.
861
What is the highest common divisor of 299 and 3546569?
13
Calculate the greatest common divisor of 13672633 and 9919.
1417
What is the greatest common factor of 13544 and 44419241?
1693
What is the highest common factor of 32 and 4130044?
4
What is the highest common factor of 2528 and 29912?
8
Calculate the greatest common factor of 47189147 and 1.
1
Calculate the highest common factor of 5857341351 and 111.
111
Calculate the greatest common divisor of 105 and 435327753.
21
What is the greatest common factor of 128050 and 286231150?
9850
Calculate the highest common divisor of 696004 and 1528.
764
What is the greatest common factor of 1017229 and 109513?
1129
What is the highest common factor of 364321216 and 896?
448
What is the greatest common divisor of 664 and 20405384?
664
What is the greatest common divisor of 12 and 7168911?
3
Calculate the highest common divisor of 3828693 and 3846.
1923
Calculate the greatest common divisor of 2014938 and 471.
471
What is the greatest common factor of 45 and 128061252?
9
Calculate the greatest common factor of 2840 and 29751698.
142
What is the highest common factor of 2105 and 374186905?
2105
What is the highest common factor of 555 and 342478845?
555
Calculate the greatest common factor of 378 and 9960354.
54
What is the greatest common factor of 1928480 and 116960?
2720
What is the greatest common divisor of 124925684 and 364?
52
Calculate the greatest common factor of 13 and 55753061.
13
Calculate the highest common factor of 975476 and 388162.
922
Calculate the greatest common divisor of 2819038 and 458.
2
Calculate the greatest common factor of 21462 and 137730.
6
Calculate the highest common factor of 2121 and 41947017.
2121
What is the highest common divisor of 128 and 3317306624?
128
What is the greatest common factor of 30753205 and 35?
35
Calculate the highest common factor of 180 and 460578240.
180
Calculate the greatest common divisor of 7700368 and 56.
8
Calculate the greatest common factor of 283278 and 157542.
186
Calculate the greatest common divisor of 139705209 and 53676.
13419
Calculate the highest common factor of 52005 and 21795.
15
Calculate the greatest common divisor of 3829100 and 242.
22
What is the greatest common factor of 19163030 and 30?
10
Calculate the greatest common divisor of 10 and 87942625.
5
What is the highest common divisor of 51773250 and 300?
150
What is the greatest common divisor of 5896 and 8464?
8
Calculate the greatest common divisor of 9156 and 206892.
84
What is the highest common divisor of 208 and 534092?
52
What is the greatest common factor of 6938450 and 24160?
1510
Calculate the highest common factor of 28 and 411524.
4
Calculate the greatest common divisor of 3275848 and 9756.
1084
What is the greatest common factor of 1208 and 2276627?
151
What is the greatest common factor of 233060 and 555008?
1084
What is the greatest common factor of 695 and 165073203?
139
What is the highest common factor of 268030843 and 489?
163
What is the greatest common factor of 16576464 and 1968?
1968
What is the greatest common factor of 102137 and 158137?
7
Calculate the highest common divisor of 2633877 and 30618.
729
What is the greatest common factor of 66207792 and 1092?
84
What is the greatest common divisor of 3546 and 196782906?
1182
Calculate the greatest common divisor of 5117 and 391042.
43
What is the highest common divisor of 5750 and 247550?
50
What is the greatest common divisor of 376164 and 864?
108
What is the greatest common divisor of 286 and 48928?
22
Calculate the greatest common divisor of 224334 and 4257.
99
What is the highest common divisor of 165816 and 93492?
1764
Calculate the highest common divisor of 597 and 1047.
3
Calculate the greatest common divisor of 37634 and 201004.
62
Calculate the greatest common factor of 441950 and 65650.
50
Calculate the greatest common factor of 92708 and 1519.
49
Calculate the greatest common divisor of 14973 and 90327118.
4991
What is the greatest common divisor of 27235197 and 297?
297
Calculate the greatest common factor of 9315930 and 14170.
130
Calculate the greatest common divisor of 1344441 and 273.
21
What is the highest common factor of 4475075 and 5225?
275
Calculate the greatest common divisor of 572640024 and 16.
8
What is the highest common divisor of 33642 and 481493916?
4806
What is the greatest common divisor of 1724837 and 493?
17
What is the greatest common divisor of 31 and 1080728975?
31
What is the greatest common divisor of 517624 and 19224?
712
What is the greatest common factor of 933361 and 2197?
13
Calculate the highest common factor of 669159 and 1341.
1341
Calculate the greatest common factor of 18068